{"id":4394,"date":"2020-07-07T12:07:52","date_gmt":"2020-07-07T12:07:52","guid":{"rendered":"http:\/\/www.cientificos.pe\/?page_id=4394"},"modified":"2020-10-01T15:24:10","modified_gmt":"2020-10-01T15:24:10","slug":"el-ricon-de-mayolo","status":"publish","type":"page","link":"https:\/\/www.cientificos.pe\/?page_id=4394","title":{"rendered":"El Rinc\u00f3n de Mayolo"},"content":{"rendered":"<p>[vc_row][vc_column][vc_column_text]<img loading=\"lazy\" class=\"wp-image-4444 aligncenter\" src=\"http:\/\/www.cientificos.pe\/wp-content\/uploads\/2020\/07\/el-rincon-de-mayolo-300x235.png\" alt=\"\" width=\"581\" height=\"455\" srcset=\"https:\/\/www.cientificos.pe\/wp-content\/uploads\/2020\/07\/el-rincon-de-mayolo-300x235.png 300w, https:\/\/www.cientificos.pe\/wp-content\/uploads\/2020\/07\/el-rincon-de-mayolo-1024x801.png 1024w, https:\/\/www.cientificos.pe\/wp-content\/uploads\/2020\/07\/el-rincon-de-mayolo-768x601.png 768w, https:\/\/www.cientificos.pe\/wp-content\/uploads\/2020\/07\/el-rincon-de-mayolo-696x544.png 696w, https:\/\/www.cientificos.pe\/wp-content\/uploads\/2020\/07\/el-rincon-de-mayolo-1068x835.png 1068w, https:\/\/www.cientificos.pe\/wp-content\/uploads\/2020\/07\/el-rincon-de-mayolo-537x420.png 537w, https:\/\/www.cientificos.pe\/wp-content\/uploads\/2020\/07\/el-rincon-de-mayolo.png 1308w\" sizes=\"(max-width: 581px) 100vw, 581px\" \/>[\/vc_column_text][vc_tta_tabs style=&#8221;modern&#8221; color=&#8221;sky&#8221; gap=&#8221;1&#8243; alignment=&#8221;center&#8221; active_section=&#8221;1&#8243; pagination_style=&#8221;flat-square&#8221; pagination_color=&#8221;blue&#8221;][vc_tta_section title=&#8221;Rese\u00f1as de Libros de Divulgaci\u00f3n Cientifica &#8221; tab_id=&#8221;1597392043510-ac4c5d9f-1aec&#8221;]<div class=\"td_block_wrap td_block_3 td_uid_1_69f9767d7aad9_rand td-pb-border-top\"  data-td-block-uid=\"td_uid_1_69f9767d7aad9\" ><script>var block_td_uid_1_69f9767d7aad9 = new tdBlock();\nblock_td_uid_1_69f9767d7aad9.id = \"td_uid_1_69f9767d7aad9\";\nblock_td_uid_1_69f9767d7aad9.atts = '{\"limit\":5,\"sort\":\"\",\"post_ids\":\"\",\"tag_slug\":\"\",\"autors_id\":\"\",\"installed_post_types\":\"\",\"category_id\":\"270\",\"category_ids\":\"\",\"custom_title\":\"Rese\\u00f1as de Libros\",\"custom_url\":\"\",\"show_child_cat\":\"\",\"sub_cat_ajax\":\"\",\"ajax_pagination\":\"\",\"header_color\":\"\",\"header_text_color\":\"\",\"ajax_pagination_infinite_stop\":\"\",\"td_column_number\":1,\"td_ajax_preloading\":\"\",\"td_ajax_filter_type\":\"\",\"td_ajax_filter_ids\":\"\",\"td_filter_default_txt\":\"Todo\",\"color_preset\":\"\",\"border_top\":\"\",\"class\":\"td_uid_1_69f9767d7aad9_rand\",\"el_class\":\"\",\"offset\":\"\",\"css\":\"\",\"live_filter\":\"\",\"live_filter_cur_post_id\":\"\",\"live_filter_cur_post_author\":\"\"}';\nblock_td_uid_1_69f9767d7aad9.td_column_number = \"1\";\nblock_td_uid_1_69f9767d7aad9.block_type = \"td_block_3\";\nblock_td_uid_1_69f9767d7aad9.post_count = \"2\";\nblock_td_uid_1_69f9767d7aad9.found_posts = \"2\";\nblock_td_uid_1_69f9767d7aad9.header_color = \"\";\nblock_td_uid_1_69f9767d7aad9.ajax_pagination_infinite_stop = \"\";\nblock_td_uid_1_69f9767d7aad9.max_num_pages = \"1\";\ntdBlocksArray.push(block_td_uid_1_69f9767d7aad9);\n<\/script><div class=\"td-block-title-wrap\"><h4 class=\"block-title\"><span>Rese\u00f1as de Libros<\/span><\/h4><\/div><div id=td_uid_1_69f9767d7aad9 class=\"td_block_inner\">\n\n\t<div class=\"td-block-span12\">\n\r\n        <div class=\"td_module_1 td_module_wrap td-animation-stack\">\r\n            <div class=\"td-module-image\">\r\n                <div class=\"td-module-thumb\"><a href=\"https:\/\/www.cientificos.pe\/?p=5377\" rel=\"bookmark\" title=\"Rese\u00f1a del libro &#8220;Diez razones para ser cient\u00edfico&#8221;\"><img width=\"324\" height=\"160\" class=\"entry-thumb\" src=\"https:\/\/www.cientificos.pe\/wp-content\/uploads\/2020\/09\/Diez-razones-apra-ser-cientificos-324x160.jpg\" srcset=\"https:\/\/www.cientificos.pe\/wp-content\/uploads\/2020\/09\/Diez-razones-apra-ser-cientificos-324x160.jpg 324w, https:\/\/www.cientificos.pe\/wp-content\/uploads\/2020\/09\/Diez-razones-apra-ser-cientificos-527x261.jpg 527w\" sizes=\"(max-width: 324px) 100vw, 324px\" alt=\"\" title=\"Rese\u00f1a del libro &#8220;Diez razones para ser cient\u00edfico&#8221;\"\/><\/a><\/div>                <a href=\"https:\/\/www.cientificos.pe\/?cat=270\" class=\"td-post-category\">El Rinc\u00f3n de Mayolo<\/a>            <\/div>\r\n            <h3 class=\"entry-title td-module-title\"><a href=\"https:\/\/www.cientificos.pe\/?p=5377\" rel=\"bookmark\" title=\"Rese\u00f1a del libro &#8220;Diez razones para ser cient\u00edfico&#8221;\">Rese\u00f1a del libro &#8220;Diez razones para ser cient\u00edfico&#8221;<\/a><\/h3>\r\n            <div class=\"td-module-meta-info\">\r\n                <span class=\"td-post-author-name\"><a href=\"https:\/\/www.cientificos.pe\/?author=2\">Cientificos.pe<\/a> <span>-<\/span> <\/span>                <span class=\"td-post-date\"><time class=\"entry-date updated td-module-date\" datetime=\"2020-09-29T11:53:59+00:00\" >29 Septiembre, 2020<\/time><\/span>                <div class=\"td-module-comments\"><a href=\"https:\/\/www.cientificos.pe\/?p=5377#respond\">0<\/a><\/div>            <\/div>\r\n\r\n            \r\n        <\/div>\r\n\r\n        \n\t<\/div> <!-- .\/td-block-span12 -->\n\n\t<div class=\"td-block-span12\">\n\r\n        <div class=\"td_module_1 td_module_wrap td-animation-stack\">\r\n            <div class=\"td-module-image\">\r\n                <div class=\"td-module-thumb\"><a href=\"https:\/\/www.cientificos.pe\/?p=4577\" rel=\"bookmark\" title=\"Rese\u00f1a de Brief Answers to Big Questions (Breves respuestas a grandes preguntas)\"><img width=\"324\" height=\"160\" class=\"entry-thumb\" src=\"https:\/\/www.cientificos.pe\/wp-content\/uploads\/2020\/08\/Foto-breves-respuestas-a-grandes-preguntas-324x160.png\" srcset=\"https:\/\/www.cientificos.pe\/wp-content\/uploads\/2020\/08\/Foto-breves-respuestas-a-grandes-preguntas-324x160.png 324w, https:\/\/www.cientificos.pe\/wp-content\/uploads\/2020\/08\/Foto-breves-respuestas-a-grandes-preguntas-533x261.png 533w\" sizes=\"(max-width: 324px) 100vw, 324px\" alt=\"\" title=\"Rese\u00f1a de Brief Answers to Big Questions (Breves respuestas a grandes preguntas)\"\/><\/a><\/div>                <a href=\"https:\/\/www.cientificos.pe\/?cat=270\" class=\"td-post-category\">El Rinc\u00f3n de Mayolo<\/a>            <\/div>\r\n            <h3 class=\"entry-title td-module-title\"><a href=\"https:\/\/www.cientificos.pe\/?p=4577\" rel=\"bookmark\" title=\"Rese\u00f1a de Brief Answers to Big Questions (Breves respuestas a grandes preguntas)\">Rese\u00f1a de Brief Answers to Big Questions (Breves respuestas a grandes...<\/a><\/h3>\r\n            <div class=\"td-module-meta-info\">\r\n                <span class=\"td-post-author-name\"><a href=\"https:\/\/www.cientificos.pe\/?author=5\">Nahuel Monteblanco<\/a> <span>-<\/span> <\/span>                <span class=\"td-post-date\"><time class=\"entry-date updated td-module-date\" datetime=\"2020-08-14T08:15:19+00:00\" >14 Agosto, 2020<\/time><\/span>                <div class=\"td-module-comments\"><a href=\"https:\/\/www.cientificos.pe\/?p=4577#respond\">0<\/a><\/div>            <\/div>\r\n\r\n            \r\n        <\/div>\r\n\r\n        \n\t<\/div> <!-- .\/td-block-span12 --><\/div><\/div> <!-- .\/block -->[\/vc_tta_section][vc_tta_section title=&#8221;\u00bfQu\u00e9 es el Rinc\u00f3n de Mayolo?&#8221; tab_id=&#8221;1594276570223-2249e2bd-ec71&#8243;][vc_column_text]<\/p>\n<p style=\"text-align: center;\"><strong>INTRODUCCI\u00d3N<\/strong><\/p>\n<p style=\"text-align: justify;\">El Per\u00fa es un pa\u00eds que brinda una selecta casta de cient\u00edficos en diferentes \u00e1reas de la ciencia. Nombres como Pedro Paulet, Pedro Ruiz Gallo, Daniel Alcides Carri\u00f3n, Federico Villareal y Santiago Ant\u00fanez de Mayolo son algunos de los cient\u00edficos m\u00e1s reconocidos por nuestra sociedad. Sus obras junto a de cient\u00edficos internacionales como Isaac Newton, Albert Einstein, Carl Sagan, entre otros han permitido el avance cient\u00edfico y desarrollo tecnol\u00f3gico a nivel mundial. Gran parte de este conocimiento cient\u00edfico se hace accesible mediante obras de divulgaci\u00f3n cient\u00edfica. Sin embargo, la enorme diversidad de obras, autores y temas puede provocar, en determinadas ocasiones, un rechazo a la lectura de este contenido.<\/p>\n<p style=\"text-align: justify;\">En ese sentido, surge el rinc\u00f3n de Mayolo en tributo al Dr. Santiago Ant\u00fanez de Mayolo Gomero, cient\u00edfico peruano que explor\u00f3 diferentes \u00e1reas de la ciencia y contribuy\u00f3 con el desarrollo del pa\u00eds. El rinc\u00f3n de Mayolo es un espacio destinado a promover la divulgaci\u00f3n cient\u00edfica por medio de la lectura siendo accesible el conocimiento cient\u00edfico a la sociedad en general. A trav\u00e9s de la rese\u00f1a de distintas obras, se busca mostrar los adelantos en las distintas \u00e1reas de la ciencia. As\u00ed mismo, este espacio pretende servir de vitrina a obras de autores nacionales y latinoamericanos. Y, adem\u00e1s, combatir la pseudociencia.<\/p>\n<p style=\"text-align: justify;\">Pero, \u00bfqu\u00e9 de bueno tienen los libros de divulgaci\u00f3n cient\u00edfica? y, sobre todo, \u00bfes divertida la lectura de estos libros? La respuesta a la primera interrogante es que las obras de divulgaci\u00f3n cient\u00edfica abren una puerta a todo el avance cient\u00edfico que se desarrolla en distintas \u00e1reas de la ciencia. Permiten al lector conocer de primera mano los avances en medicina, f\u00edsica, qu\u00edmica, matem\u00e1tica, biolog\u00eda y dem\u00e1s. M\u00e1s a\u00fan, la lectura permite entender las vicisitudes que conlleva todo desarrollo cient\u00edfico. La respuesta para la segunda pregunta es: s\u00ed. Tomando en cuenta que la mayor\u00eda de autores son cient\u00edficos y pretende ser le\u00eddos por un p\u00fablico diverso, las obras poseen un lenguaje sencillo, claro y directo. As\u00ed mismo, muchos autores prescinden del uso de expresiones matem\u00e1ticas y nombres t\u00e9cnicos sin perder objetividad y precisi\u00f3n. En suma, los libros de divulgaci\u00f3n cient\u00edfica permiten desnudar mitos, derribar muros sociales y combatir de forma directa la pseudociencia.<\/p>\n<p style=\"text-align: justify;\">As\u00ed que no perdamos m\u00e1s tiempo y acomp\u00e1\u00f1anos en la ventura de leer ciencia y descubrir un mundo de novedades, pasi\u00f3n, creatividad y mucha ciencia.<\/p>\n<p style=\"text-align: justify;\">David Castillo Neciosup<\/p>\n<p>&nbsp;<\/p>\n<p>&nbsp;<\/p>\n<p>[\/vc_column_text][\/vc_tta_section][vc_tta_section title=&#8221;Instrucciones para enviar una rese\u00f1a&#8221; tab_id=&#8221;1594276752390-4578f676-c2ae&#8221;][vc_column_text]<\/p>\n<h1 style=\"text-align: center;\">\u00bfQu\u00e9 contenido debe tener la rese\u00f1a?<\/h1>\n<p style=\"text-align: justify;\">Las rese\u00f1as deben tener un formato y estructura homog\u00e9nea, por lo tanto hemos dise\u00f1ado un template que sirva de gu\u00eda al escribir la rese\u00f1a. Puede descargar el Template de la rese\u00f1a en el siguiente link: <a href=\"http:\/\/www.cientificos.pe\/wp-content\/uploads\/2020\/08\/Template_Rese\u00f1a_Cientificos_XXX.docx\" target=\"_blank\" rel=\"noopener noreferrer\">Template.doc<\/a>.<\/p>\n<p style=\"text-align: justify;\"><span style=\"font-weight: 400;\">Las rese\u00f1as deben ser enviadas enviadas a los siguientes correos electr\u00f3nicos:<\/span><\/p>\n<ol>\n<li style=\"list-style-type: none;\">\n<ul>\n<li style=\"font-weight: 400;\"><a href=\"mailto:nmonteblanco@gmail.com\"><span style=\"font-weight: 400;\">nmonteblanco@gmail.com<\/span><\/a> Nahuel Monteblanco<\/li>\n<li style=\"font-weight: 400;\"><a href=\"mailto:dgcastillo@pucp.pe\"><span style=\"font-weight: 400;\">dgcastillo@pucp.pe<\/span><\/a> David Castillo<\/li>\n<\/ul>\n<\/li>\n<\/ol>\n<p>&nbsp;<\/p>\n<p style=\"text-align: center;\"><strong>Rese\u00f1a de <u>T\u00cdTULO DE LA OBRA<\/u><\/strong><\/p>\n<p style=\"text-align: justify;\">Esta plantilla muestra las instrucciones de estilo sobre la forma de escribir una rese\u00f1a de libros de <strong>divulgaci\u00f3n cient\u00edfica<\/strong> para el sitio web <strong>Cient\u00edficos.pe<\/strong>. El documento contiene informaci\u00f3n del formato y tipo de letra usados; adem\u00e1s, orienta en la redacci\u00f3n.<\/p>\n<p style=\"text-align: justify;\">El autor de la rese\u00f1a debe usar el tipo de letra Times New Roman para todo el documento. El tama\u00f1o de la fuente es 12 pt. para t\u00edtulos y 11 pt. para el cuerpo. Las secciones deben ir en negrita. El interlineado es de 1 y el documento <u>no debe de exceder<\/u> las 4 p\u00e1ginas. Por \u00faltimo, el documento de ser enviado con el nombre: <strong>Rese\u00f1a_Cientificos_XXX.doc<\/strong> (XXX son las iniciales del nombre del autor de la rese\u00f1a). <span style=\"font-weight: 400;\">Descargar template: Aqui template.doc<\/span><\/p>\n<ol>\n<li><strong>Datos t\u00e9cnicos<\/strong><\/li>\n<\/ol>\n<p style=\"text-align: justify;\">Los datos t\u00e9cnicos suelen encontrarse en la p\u00e1gina de cr\u00e9ditos del libro. Con esta informaci\u00f3n, el autor de la rese\u00f1a debe completar la siguiente informaci\u00f3n:<\/p>\n<ul style=\"text-align: justify;\">\n<li><strong>T\u00edtulo original:<\/strong><\/li>\n<li><strong>Autor(es):<\/strong><\/li>\n<li><strong>A\u00f1o:<\/strong><\/li>\n<li><strong>N\u00famero de p\u00e1ginas:<\/strong><\/li>\n<li><strong>Idioma original:<\/strong><\/li>\n<li><strong>Edici\u00f3n:<\/strong><\/li>\n<li><strong>Editorial:<\/strong><\/li>\n<li><strong>Formato de lectura:<\/strong> libro f\u00edsico o libro digital (solo una opci\u00f3n)<\/li>\n<\/ul>\n<ol style=\"text-align: justify;\" start=\"2\">\n<li><strong>Foto de la portada del libro<\/strong><\/li>\n<\/ol>\n<p style=\"text-align: justify;\">En esta secci\u00f3n debe colocar una imagen de la portada de libro. La imagen puede ser extra\u00edda de un sitio web (indicar referencia) o elaborada por el autor de la rese\u00f1a. Para la \u00faltima opci\u00f3n, la imagen debe tener fondo blanco. Solo se aceptar\u00e1n im\u00e1genes n\u00edtidas en formato jpg o png.<\/p>\n<ol style=\"text-align: justify;\" start=\"3\">\n<li><strong>Rese\u00f1a del libro<\/strong><\/li>\n<\/ol>\n<p style=\"text-align: justify;\">Se considera a la rese\u00f1a como una evaluaci\u00f3n cr\u00edtica de una obra. Por esta raz\u00f3n, el prop\u00f3sito principal es brindar, al lector, una interpretaci\u00f3n o visi\u00f3n de las virtudes y defectos de la obra con la finalidad de dejar claro si merece la pena leerla o no. El autor de la rese\u00f1a debe intentar describir todos los aspectos relevantes de la obra tratando de mantener un tono ameno y ordenado. Para ello, <strong><u>se recomienda seguir el siguiente esquema<\/u><\/strong>:<\/p>\n<p>Presentaci\u00f3n general del libro.<\/p>\n<ul style=\"text-align: justify;\">\n<li>Contextualizaci\u00f3n del tema.<\/li>\n<li>Organizaci\u00f3n general de la obra: Partes, cap\u00edtulos, etc.<\/li>\n<li>\u00bfViene enriquecido con fotograf\u00edas, esquemas, mapas, graficas o tablas?<\/li>\n<li>\u00bfUtiliza expresiones matem\u00e1ticas o ejercicios?<\/li>\n<li>\u00bfA qu\u00e9 publico va dirigido la obra?<\/li>\n<li>Objetivo del autor al escribir esta obra.<\/li>\n<\/ul>\n<p><em>Contenido<\/em><\/p>\n<ul style=\"text-align: justify;\">\n<li>Breve descripci\u00f3n de las partes del libro. Se pueden incluir citas textuales del libro identificando la p\u00e1gina.<\/li>\n<li>Incluir los puntos de vista del autor.<\/li>\n<li>Detallar las fuentes que utiliz\u00f3 el autor para realizar el libro.<\/li>\n<\/ul>\n<p><em>Valoraci\u00f3n cr\u00edtica<\/em><\/p>\n<ul style=\"text-align: justify;\">\n<li>Detallar los aspectos d\u00e9biles de la obra. Evite usar un lenguaje fuerte y menospreciativo.<\/li>\n<li>Destacar los puntos fuertes del texto. El autor debe ser claro y conciso.<\/li>\n<\/ul>\n<p><em>Recomendaciones<\/em><\/p>\n<ul style=\"text-align: justify;\">\n<li>\u00bfRecomendar\u00eda esta obra? \u00bfPor qu\u00e9?<\/li>\n<li>\u00bfA qu\u00e9 publico recomendar\u00eda esta obra?<\/li>\n<li>\u00bfSe requiere un conocimiento previo del \u00e1rea de la ciencia que aborda el libro?<\/li>\n<\/ul>\n<p style=\"text-align: justify;\">El autor de la rese\u00f1a debe evitar la exageraci\u00f3n de virtudes como cr\u00edtica. Por otro lado, <strong>no ser\u00e1n aceptadas rese\u00f1as desmedidamente negativas<\/strong>. Cabe resaltar que el lenguaje de la rese\u00f1a debe transmitir mesura y objetividad.<\/p>\n<p><strong>4.. Valoraci\u00f3n del libro<\/strong><\/p>\n<p style=\"text-align: justify;\">El autor de la rese\u00f1a debe otorgar un puntaje del 1 al 5 a la obra rese\u00f1ada, donde 5 significa \u201cmuy dif\u00edcil de leer\u201d y 1 es \u201cmuy f\u00e1cil de leer\u201d. Para ello, la valoraci\u00f3n de la obra est\u00e1 sujeta a los siguientes criterios:<\/p>\n<ul style=\"text-align: justify;\">\n<li>Se requiere un conocimiento previo del \u00e1rea de la ciencia desarrollado en el libro.<\/li>\n<li>Ritmo de lectura: tipo de lenguaje<\/li>\n<\/ul>\n<p style=\"text-align: justify;\">El puntaje debe ser expresado de la siguiente manera: <strong>2\/5<\/strong> lo cual significa que es f\u00e1cil de leer y entender. No est\u00e1n permitidos los decimales. Puede justificar su puntaje.<\/p>\n<ol style=\"text-align: justify;\" start=\"5\">\n<li><strong>Lugares de adquisici\u00f3n<\/strong><\/li>\n<\/ol>\n<p style=\"text-align: justify;\">De acuerdo al formato del libro, se debe indicar en qu\u00e9 librer\u00edas (formato f\u00edsico) o sitios webs (ambos formatos) se puede adquirir la obra.<\/p>\n<ol style=\"text-align: justify;\" start=\"6\">\n<li><strong>Imagen del autor(es) del libro<\/strong><\/li>\n<\/ol>\n<p style=\"text-align: justify;\">Se debe adjunta una imagen n\u00edtida del autor o autores del libro. En lo posible, la imagen debe ser actual. Solo se aceptar\u00e1n im\u00e1genes en formato jpg o png. La imagen debe ir acompa\u00f1ana de una descripci\u00f3n al pie de la figura. La descripci\u00f3n tiene que ser escrita con tama\u00f1o de fuente 10 pt.<\/p>\n<ol style=\"text-align: justify;\" start=\"7\">\n<li><strong>Biograf\u00eda del autor del libro<\/strong><\/li>\n<\/ol>\n<p style=\"text-align: justify;\">Breve biograf\u00eda del autor o autores del libro. Puede contener los campos de investigaci\u00f3n donde labora, las contribuciones cient\u00edficas m\u00e1s significativas, los principales premios recibidos y sus principales obras de divulgaci\u00f3n cient\u00edfica. La extensi\u00f3n de esta secci\u00f3n <strong><u>no debe exceder las 100 palabras<\/u><\/strong>.<\/p>\n<p style=\"text-align: justify;\"><strong>8. Nombre del autor de la rese\u00f1a<\/strong><\/p>\n<p style=\"text-align: justify;\">Colocar el nombre completo del autor de la rese\u00f1a.<\/p>\n<p style=\"text-align: justify;\"><strong>9. Biograf\u00eda del autor de la rese\u00f1a (<u>Opcional<\/u>)<\/strong><\/p>\n<p style=\"text-align: justify;\">La autobiograf\u00eda t\u00e9cnica <strong><u>no debe exceder las 100 palabras<\/u><\/strong>. Esta debe ser escrita en tercera persona. Debe incluir su trayectoria cient\u00edfica, los campos de investigaci\u00f3n y qu\u00e9 labor cient\u00edfica viene realizando actualmente. Puede incluir un correo de contacto.<\/p>\n<p style=\"text-align: justify;\"><strong>10. Imagen del autor de la rese\u00f1a (<u>Opcional<\/u>)<\/strong><\/p>\n<p style=\"text-align: justify;\">Puede adjuntar una imagen n\u00edtida del autor de la rese\u00f1a. En lo posible, la imagen debe ser actual y con fondo blanco. Solo se aceptar\u00e1n im\u00e1genes en formato jpg o png.<\/p>\n<p>[\/vc_column_text][\/vc_tta_section][vc_tta_section title=&#8221;Santiago Ant\u00fanez de Mayolo&#8221; tab_id=&#8221;1594124436848-8f127193-2ae0&#8243;][vc_column_text]<\/p>\n<h1 id=\"firstHeading\" class=\"firstHeading\" lang=\"es\" style=\"text-align: center;\">Santiago Ant\u00fanez de Mayolo<\/h1>\n<p style=\"text-align: justify;\">Graduado en ciencias matem\u00e1ticas en la\u00a0<a class=\"mw-redirect\" title=\"Universidad de San Marcos\" href=\"https:\/\/es.wikipedia.org\/wiki\/Universidad_de_San_Marcos\">Universidad de San Marcos<\/a>, viaj\u00f3 a Francia para <img loading=\"lazy\" class=\"size-medium wp-image-4410 alignright\" src=\"http:\/\/www.cientificos.pe\/wp-content\/uploads\/2020\/07\/santiago-antunes-d-emayolo-300x200.jpg\" alt=\"\" width=\"300\" height=\"200\" srcset=\"https:\/\/www.cientificos.pe\/wp-content\/uploads\/2020\/07\/santiago-antunes-d-emayolo-300x200.jpg 300w, https:\/\/www.cientificos.pe\/wp-content\/uploads\/2020\/07\/santiago-antunes-d-emayolo-1024x683.jpg 1024w, https:\/\/www.cientificos.pe\/wp-content\/uploads\/2020\/07\/santiago-antunes-d-emayolo-768x512.jpg 768w, https:\/\/www.cientificos.pe\/wp-content\/uploads\/2020\/07\/santiago-antunes-d-emayolo-696x464.jpg 696w, https:\/\/www.cientificos.pe\/wp-content\/uploads\/2020\/07\/santiago-antunes-d-emayolo-1068x712.jpg 1068w, https:\/\/www.cientificos.pe\/wp-content\/uploads\/2020\/07\/santiago-antunes-d-emayolo-630x420.jpg 630w, https:\/\/www.cientificos.pe\/wp-content\/uploads\/2020\/07\/santiago-antunes-d-emayolo.jpg 1200w\" sizes=\"(max-width: 300px) 100vw, 300px\" \/>obtener el t\u00edtulo de Ingeniero Electricista en la\u00a0<a title=\"Universidad de Grenoble\" href=\"https:\/\/es.wikipedia.org\/wiki\/Universidad_de_Grenoble\">Universidad de Grenoble<\/a>. Retorn\u00f3 al Per\u00fa en 1912. Ejerci\u00f3 la docencia universitaria en San Marcos y recorri\u00f3 el Per\u00fa, buscando ca\u00eddas de agua para la instalaci\u00f3n de centrales el\u00e9ctricas. Se le deben los estudios fundamentales para la construcci\u00f3n de la\u00a0<a title=\"Central hidroel\u00e9ctrica Ca\u00f1\u00f3n del Pato\" href=\"https:\/\/es.wikipedia.org\/wiki\/Central_hidroel%C3%A9ctrica_Ca%C3%B1%C3%B3n_del_Pato\">Central hidroel\u00e9ctrica Ca\u00f1\u00f3n del Pato<\/a>, as\u00ed como el dise\u00f1o de la central hidroel\u00e9ctrica de Machu Picchu y del gran\u00a0<a class=\"mw-redirect\" title=\"Central Hidroel\u00e9ctrica del Mantaro\" href=\"https:\/\/es.wikipedia.org\/wiki\/Central_Hidroel%C3%A9ctrica_del_Mantaro\">complejo hidroel\u00e9ctrico del Mantaro<\/a>, que hoy lleva su nombre. Fue adem\u00e1s precursor de la F\u00edsica moderna, pues en su trabajo titulado\u00a0<i>Hip\u00f3tesis sobre la constituci\u00f3n de la materia<\/i>\u00a0(1924), propuso la existencia de una energ\u00eda no-el\u00e9ctrica, a la que denomin\u00f3\u00a0<i>Elemento Neutro<\/i>, ocho a\u00f1os antes del descubrimiento del\u00a0<a title=\"Neutr\u00f3n\" href=\"https:\/\/es.wikipedia.org\/wiki\/Neutr%C3%B3n\">neutr\u00f3n<\/a>. Asimismo, en 1932 public\u00f3 otro estudio titulado\u00a0<i>Los tres elementos constitutivos de la materia<\/i>, en el cual predijo la existencia del\u00a0<a title=\"Positr\u00f3n\" href=\"https:\/\/es.wikipedia.org\/wiki\/Positr%C3%B3n\">positr\u00f3n<\/a>\u00a0(electr\u00f3n positivo), poco antes de que se demostrara experimentalmente.<\/p>\n<p style=\"text-align: justify;\">En su honor la universidad nacional en\u00a0<a title=\"Huaraz\" href=\"https:\/\/es.wikipedia.org\/wiki\/Huaraz\">Huaraz<\/a>\u00a0capital de la\u00a0<a class=\"mw-redirect\" title=\"Region Ancash\" href=\"https:\/\/es.wikipedia.org\/wiki\/Region_Ancash\">Regi\u00f3n Ancash<\/a>\u00a0lleva por nombre\u00a0<a title=\"Universidad Nacional Santiago Ant\u00fanez de Mayolo\" href=\"https:\/\/es.wikipedia.org\/wiki\/Universidad_Nacional_Santiago_Ant%C3%BAnez_de_Mayolo\">Universidad Nacional Santiago Ant\u00fanez de Mayolo<\/a>.<\/p>\n<p>[\/vc_column_text][\/vc_tta_section][vc_tta_section title=&#8221;&#8220;Caf\u00e9 con Ciencias&#8220;&#8221; tab_id=&#8221;1597429367251-a2395458-08ed&#8221;][vc_column_text]<strong>&#8220;Caf\u00e9 con Ciencias&#8221;<\/strong>, una reuni\u00f3n virtual pensada para poder conocer a los amantes de la divulgaci\u00f3n cient\u00edfica alrededor de las rese\u00f1as. Networking y conocimiento, puntos de vista distintos acompa\u00f1ados de una buena taza de caf\u00e9.<\/p>\n<p>Nahuel Monteblanco V.[\/vc_column_text][\/vc_tta_section][\/vc_tta_tabs][\/vc_column][\/vc_row]<\/p>\n","protected":false},"excerpt":{"rendered":"<p>[vc_row][vc_column][vc_column_text][\/vc_column_text][vc_tta_tabs style=&#8221;modern&#8221; color=&#8221;sky&#8221; gap=&#8221;1&#8243; alignment=&#8221;center&#8221; active_section=&#8221;1&#8243; pagination_style=&#8221;flat-square&#8221; pagination_color=&#8221;blue&#8221;][vc_tta_section title=&#8221;Rese\u00f1as de Libros de Divulgaci\u00f3n Cientifica &#8221; tab_id=&#8221;1597392043510-ac4c5d9f-1aec&#8221;][\/vc_tta_section][vc_tta_section title=&#8221;\u00bfQu\u00e9 es el Rinc\u00f3n de Mayolo?&#8221; tab_id=&#8221;1594276570223-2249e2bd-ec71&#8243;][vc_column_text] INTRODUCCI\u00d3N El Per\u00fa es un pa\u00eds que brinda una selecta casta de cient\u00edficos en diferentes \u00e1reas de la ciencia. Nombres como Pedro Paulet, Pedro Ruiz Gallo, Daniel Alcides Carri\u00f3n, Federico Villareal y [&hellip;]<\/p>\n","protected":false},"author":2,"featured_media":0,"parent":0,"menu_order":0,"comment_status":"open","ping_status":"open","template":"","meta":[],"_links":{"self":[{"href":"https:\/\/www.cientificos.pe\/index.php?rest_route=\/wp\/v2\/pages\/4394"}],"collection":[{"href":"https:\/\/www.cientificos.pe\/index.php?rest_route=\/wp\/v2\/pages"}],"about":[{"href":"https:\/\/www.cientificos.pe\/index.php?rest_route=\/wp\/v2\/types\/page"}],"author":[{"embeddable":true,"href":"https:\/\/www.cientificos.pe\/index.php?rest_route=\/wp\/v2\/users\/2"}],"replies":[{"embeddable":true,"href":"https:\/\/www.cientificos.pe\/index.php?rest_route=%2Fwp%2Fv2%2Fcomments&post=4394"}],"version-history":[{"count":45,"href":"https:\/\/www.cientificos.pe\/index.php?rest_route=\/wp\/v2\/pages\/4394\/revisions"}],"predecessor-version":[{"id":5427,"href":"https:\/\/www.cientificos.pe\/index.php?rest_route=\/wp\/v2\/pages\/4394\/revisions\/5427"}],"wp:attachment":[{"href":"https:\/\/www.cientificos.pe\/index.php?rest_route=%2Fwp%2Fv2%2Fmedia&parent=4394"}],"curies":[{"name":"wp","href":"https:\/\/api.w.org\/{rel}","templated":true}]}}