{"id":7998,"date":"2022-10-06T09:59:18","date_gmt":"2022-10-06T09:59:18","guid":{"rendered":"https:\/\/www.cientificos.pe\/?page_id=7998"},"modified":"2022-10-08T12:34:52","modified_gmt":"2022-10-08T12:34:52","slug":"videos-comparte-ciencias-2012-2019","status":"publish","type":"page","link":"https:\/\/www.cientificos.pe\/?page_id=7998","title":{"rendered":"Videos Variados 2012-2019"},"content":{"rendered":"\t\t\t<div \n\t\t\tclass=\"yotu-playlist yotuwp yotu-limit-min   yotu-thumb-169  yotu-template-grid\" \n\t\t\tdata-page=\"1\"\n\t\t\tid=\"yotuwp-69f6f6bd47482\"\n\t\t\tdata-yotu=\"69f6f6bd76e87\"\n\t\t\tdata-total=\"2\"\n\t\t\tdata-settings=\"eyJ0eXBlIjoicGxheWxpc3QiLCJpZCI6IlBMQl90bk4wLVE1c2FRYnVhbzV4YjFrRWFRT2c0eXhoSDQiLCJwYWdpbmF0aW9uIjoib24iLCJwYWdpdHlwZSI6InBhZ2VyIiwiY29sdW1uIjoiMiIsInBlcl9wYWdlIjoiMjAiLCJ0ZW1wbGF0ZSI6ImdyaWQiLCJ0aXRsZSI6Im9uIiwiZGVzY3JpcHRpb24iOiJvbiIsInRodW1icmF0aW8iOiIxNjkiLCJtZXRhIjoib2ZmIiwibWV0YV9kYXRhIjoib2ZmIiwibWV0YV9wb3NpdGlvbiI6Im9mZiIsImRhdGVfZm9ybWF0Ijoib2ZmIiwibWV0YV9hbGlnbiI6Im9mZiIsInN1YnNjcmliZSI6Im9mZiIsImR1cmF0aW9uIjoib2ZmIiwibWV0YV9pY29uIjoib2ZmIiwibmV4dHRleHQiOiIiLCJwcmV2dGV4dCI6IiIsImxvYWRtb3JldGV4dCI6IiIsInBsYXllciI6eyJtb2RlIjoibGFyZ2UiLCJ3aWR0aCI6IjYwMCIsInNjcm9sbGluZyI6IjEwMCIsImF1dG9wbGF5IjowLCJjb250cm9scyI6MSwibW9kZXN0YnJhbmRpbmciOjEsImxvb3AiOjAsImF1dG9uZXh0IjowLCJzaG93aW5mbyI6MSwicmVsIjoxLCJwbGF5aW5nIjoxLCJwbGF5aW5nX2Rlc2NyaXB0aW9uIjoxLCJ0aHVtYm5haWxzIjowLCJjY19sb2FkX3BvbGljeSI6IjEiLCJjY19sYW5nX3ByZWYiOiIxIiwiaGwiOiIiLCJpdl9sb2FkX3BvbGljeSI6IjEifSwibGFzdF90YWIiOiJwcmVtaXVtIiwidXNlX2FzX21vZGFsIjoib2ZmIiwibW9kYWxfaWQiOiJvZmYiLCJsYXN0X3VwZGF0ZSI6IjE2NjUwNTExMzgiLCJzdHlsaW5nIjp7InBhZ2VyX2xheW91dCI6ImRlZmF1bHQiLCJidXR0b24iOiIxIiwiYnV0dG9uX2NvbG9yIjoiIzNmM2YzZiIsImJ1dHRvbl9iZ19jb2xvciI6IiNlNWU1ZTUiLCJidXR0b25fY29sb3JfaG92ZXIiOiIiLCJidXR0b25fYmdfY29sb3JfaG92ZXIiOiIjYjViNWI1IiwidmlkZW9fc3R5bGUiOiJhYm5iIiwicGxheWljb25fY29sb3IiOiIiLCJob3Zlcl9pY29uIjoiIiwiZ2FsbGVyeV9iZyI6IiJ9LCJlZmZlY3RzIjp7InZpZGVvX2JveCI6IiIsImZsaXBfZWZmZWN0IjoiIn0sImdhbGxlcnlfaWQiOiI2OWY2ZjZiZDQ3NDgyIiwibmV4dCI6IkVBQWFIbEJVT2tOQ1VXbEZSRWwzVDBWRmVWRXdSVEpPUlUxNVRrUkdRazlFVlEiLCJwcmV2IjoiIn0=\"\n\t\t\tdata-player=\"large\"\n\t\t\tdata-showdesc=\"on\" >\n\t\t\t\t<div>\n\t\t\t\t\t\t\t\t\t\t<div class=\"yotu-wrapper-player\" style=\"width:600px\">\n\t\t\t\t\t\t\t\t\t\t\t\t\t<div class=\"yotu-playing\">\n\t\t\t\t\t\t\t\tDesarrollo de sensores electroqu\u00ecmicos y \u00f3pticos para control ambiental by Ph.D Pilar Taboada\t\t\t\t\t\t\t<\/div>\n\t\t\t\t\t\t\t\t\t\t\t\t<div class=\"yotu-player\">\n\t\t\t\t\t\t\t<div class=\"yotu-video-placeholder\" id=\"yotu-player-69f6f6bd76e87\"><\/div>\n\t\t\t\t\t\t<\/div>\n\t\t\t\t\t\t<div class=\"yotu-playing-status\"><\/div>\n\t\t\t\t\t\t\t\t\t\t\t\t<div class=\"yotu-playing-description\">\n\t\t\t\t\t\t\t\t\t\t\t\t\t<\/div>\n\t\t\t\t\t\t\t\t\t\t\t<\/div>\n\n\t\t\t\t\t<div class=\"yotu-pagination yotu-pager_layout-default yotu-pagination-top\">\n<a href=\"#\" class=\"yotu-pagination-prev yotu-button-prs yotu-button-prs-1\" data-page=\"prev\">Prev<\/a>\n<span class=\"yotu-pagination-current\">1<\/span> <span>of<\/span> <span class=\"yotu-pagination-total\">2<\/span>\n<a href=\"#\" class=\"yotu-pagination-next yotu-button-prs yotu-button-prs-1\" data-page=\"next\">Next<\/a>\n<\/div>\n<div class=\"yotu-videos yotu-mode-grid yotu-preset yotu-preset-abnb yotu-column-2 yotu-player-mode-large\">\n\t<ul>\n\t\t\t\t\t<li class=\" yotu-first\">\n\t\t\t\t\t\t\t\t<a href=\"#aVZLoEfEKbM\" class=\"yotu-video\" data-videoid=\"aVZLoEfEKbM\" data-title=\"Desarrollo de sensores electroqu\u00ecmicos y \u00f3pticos para control ambiental by Ph.D Pilar Taboada\" title=\"Desarrollo de sensores electroqu\u00ecmicos y \u00f3pticos para control ambiental by Ph.D Pilar Taboada\">\n\t\t\t\t\t<div class=\"yotu-video-thumb-wrp\">\n\t\t\t\t\t\t<div>\n\t\t\t\t\t\t\t\t\t\t\t\t\t\t<img class=\"yotu-video-thumb\" src=\"https:\/\/i.ytimg.com\/vi\/aVZLoEfEKbM\/sddefault.jpg\" alt=\"Desarrollo de sensores electroqu\u00ecmicos y \u00f3pticos para control ambiental by Ph.D Pilar Taboada\">\t\n\t\t\t\t\t\t\t\t\t\t\t\t\t<\/div>\n\t\t\t\t\t<\/div>\n\t\t\t\t\t\t\t\t\t\t\t<h3 class=\"yotu-video-title\">Desarrollo de sensores electroqu\u00ecmicos y \u00f3pticos para control ambiental by Ph.D Pilar Taboada<\/h3>\n\t\t\t\t\t\t\t\t\t\t\t\t\t\t\t\t\t\t\t\t\t<div class=\"yotu-video-description\"><\/div>\n\t\t\t\t\t\t\t\t\t<\/a>\n\t\t\t\t\t\t\t<\/li>\n\t\t\t\t\n\t\t\t\t\t\t<li class=\"\">\n\t\t\t\t\t\t\t\t<a href=\"#VOtjw4ywrD4\" class=\"yotu-video\" data-videoid=\"VOtjw4ywrD4\" data-title=\"\\&quot;Identificaci\u00f3n y caracterizaci\u00f3n\u00a0de\u00a0genes\u00a0regulados por fitohormonas\\&quot; By Milagros Bracamonte. Chile\" title=\"&quot;Identificaci\u00f3n y caracterizaci\u00f3n\u00a0de\u00a0genes\u00a0regulados por fitohormonas&quot; By Milagros Bracamonte. Chile\">\n\t\t\t\t\t<div class=\"yotu-video-thumb-wrp\">\n\t\t\t\t\t\t<div>\n\t\t\t\t\t\t\t\t\t\t\t\t\t\t<img class=\"yotu-video-thumb\" src=\"https:\/\/i.ytimg.com\/vi\/VOtjw4ywrD4\/sddefault.jpg\" alt=\"&quot;Identificaci\u00f3n y caracterizaci\u00f3n\u00a0de\u00a0genes\u00a0regulados por fitohormonas&quot; By Milagros Bracamonte. Chile\">\t\n\t\t\t\t\t\t\t\t\t\t\t\t\t<\/div>\n\t\t\t\t\t<\/div>\n\t\t\t\t\t\t\t\t\t\t\t<h3 class=\"yotu-video-title\">\"Identificaci\u00f3n y caracterizaci\u00f3n\u00a0de\u00a0genes\u00a0regulados por fitohormonas\" By Milagros Bracamonte. Chile<\/h3>\n\t\t\t\t\t\t\t\t\t\t\t\t\t\t\t\t\t\t\t\t\t<div class=\"yotu-video-description\"><\/div>\n\t\t\t\t\t\t\t\t\t<\/a>\n\t\t\t\t\t\t\t<\/li>\n\t\t\t\t\n\t\t\t\t\t\t<li class=\"\">\n\t\t\t\t\t\t\t\t<a href=\"#mw6WUHDkYic\" class=\"yotu-video\" data-videoid=\"mw6WUHDkYic\" data-title=\"\\&quot;Evoluci\u00f3n molecular en caracoles: Adaptaciones del mar a la tierra. By Pedro Romero\" title=\"&quot;Evoluci\u00f3n molecular en caracoles: Adaptaciones del mar a la tierra. By Pedro Romero\">\n\t\t\t\t\t<div class=\"yotu-video-thumb-wrp\">\n\t\t\t\t\t\t<div>\n\t\t\t\t\t\t\t\t\t\t\t\t\t\t<img class=\"yotu-video-thumb\" src=\"https:\/\/i.ytimg.com\/vi\/mw6WUHDkYic\/sddefault.jpg\" alt=\"&quot;Evoluci\u00f3n molecular en caracoles: Adaptaciones del mar a la tierra. By Pedro Romero\">\t\n\t\t\t\t\t\t\t\t\t\t\t\t\t<\/div>\n\t\t\t\t\t<\/div>\n\t\t\t\t\t\t\t\t\t\t\t<h3 class=\"yotu-video-title\">\"Evoluci\u00f3n molecular en caracoles: Adaptaciones del mar a la tierra. By Pedro Romero<\/h3>\n\t\t\t\t\t\t\t\t\t\t\t\t\t\t\t\t\t\t\t\t\t<div class=\"yotu-video-description\"><\/div>\n\t\t\t\t\t\t\t\t\t<\/a>\n\t\t\t\t\t\t\t<\/li>\n\t\t\t\t\n\t\t\t\t\t\t<li class=\"\">\n\t\t\t\t\t\t\t\t<a href=\"#Sblv3iONa4o\" class=\"yotu-video\" data-videoid=\"Sblv3iONa4o\" data-title=\"\\&quot;Cultivo de tejidos de macroalgas\\&quot; By Jos\u00e9 \u00c1vila. Corea Del Sur.\" title=\"&quot;Cultivo de tejidos de macroalgas&quot; By Jos\u00e9 \u00c1vila. Corea Del Sur.\">\n\t\t\t\t\t<div class=\"yotu-video-thumb-wrp\">\n\t\t\t\t\t\t<div>\n\t\t\t\t\t\t\t\t\t\t\t\t\t\t<img class=\"yotu-video-thumb\" src=\"https:\/\/i.ytimg.com\/vi\/Sblv3iONa4o\/sddefault.jpg\" alt=\"&quot;Cultivo de tejidos de macroalgas&quot; By Jos\u00e9 \u00c1vila. Corea Del Sur.\">\t\n\t\t\t\t\t\t\t\t\t\t\t\t\t<\/div>\n\t\t\t\t\t<\/div>\n\t\t\t\t\t\t\t\t\t\t\t<h3 class=\"yotu-video-title\">\"Cultivo de tejidos de macroalgas\" By Jos\u00e9 \u00c1vila. Corea Del Sur.<\/h3>\n\t\t\t\t\t\t\t\t\t\t\t\t\t\t\t\t\t\t\t\t\t<div class=\"yotu-video-description\"><\/div>\n\t\t\t\t\t\t\t\t\t<\/a>\n\t\t\t\t\t\t\t<\/li>\n\t\t\t\t\n\t\t\t\t\t\t<li class=\"\">\n\t\t\t\t\t\t\t\t<a href=\"#CBb1-pbNCq0\" class=\"yotu-video\" data-videoid=\"CBb1-pbNCq0\" data-title=\"Cient\u00edficos.pe by Bryan Lucero.\" title=\"Cient\u00edficos.pe by Bryan Lucero.\">\n\t\t\t\t\t<div class=\"yotu-video-thumb-wrp\">\n\t\t\t\t\t\t<div>\n\t\t\t\t\t\t\t\t\t\t\t\t\t\t<img class=\"yotu-video-thumb\" src=\"https:\/\/i.ytimg.com\/vi\/CBb1-pbNCq0\/sddefault.jpg\" alt=\"Cient\u00edficos.pe by Bryan Lucero.\">\t\n\t\t\t\t\t\t\t\t\t\t\t\t\t<\/div>\n\t\t\t\t\t<\/div>\n\t\t\t\t\t\t\t\t\t\t\t<h3 class=\"yotu-video-title\">Cient\u00edficos.pe by Bryan Lucero.<\/h3>\n\t\t\t\t\t\t\t\t\t\t\t\t\t\t\t\t\t\t\t\t\t<div class=\"yotu-video-description\"><\/div>\n\t\t\t\t\t\t\t\t\t<\/a>\n\t\t\t\t\t\t\t<\/li>\n\t\t\t\t\n\t\t\t\t\t\t<li class=\"\">\n\t\t\t\t\t\t\t\t<a href=\"#fp8pay9PbMg\" class=\"yotu-video\" data-videoid=\"fp8pay9PbMg\" data-title=\"Dieta, microbiota intestinal y Autoinmunidad - Daniel Zegarra\" title=\"Dieta, microbiota intestinal y Autoinmunidad - Daniel Zegarra\">\n\t\t\t\t\t<div class=\"yotu-video-thumb-wrp\">\n\t\t\t\t\t\t<div>\n\t\t\t\t\t\t\t\t\t\t\t\t\t\t<img class=\"yotu-video-thumb\" src=\"https:\/\/i.ytimg.com\/vi\/fp8pay9PbMg\/sddefault.jpg\" alt=\"Dieta, microbiota intestinal y Autoinmunidad - Daniel Zegarra\">\t\n\t\t\t\t\t\t\t\t\t\t\t\t\t<\/div>\n\t\t\t\t\t<\/div>\n\t\t\t\t\t\t\t\t\t\t\t<h3 class=\"yotu-video-title\">Dieta, microbiota intestinal y Autoinmunidad - Daniel Zegarra<\/h3>\n\t\t\t\t\t\t\t\t\t\t\t\t\t\t\t\t\t\t\t\t\t<div class=\"yotu-video-description\"><\/div>\n\t\t\t\t\t\t\t\t\t<\/a>\n\t\t\t\t\t\t\t<\/li>\n\t\t\t\t\n\t\t\t\t\t\t<li class=\"\">\n\t\t\t\t\t\t\t\t<a href=\"#JpXk8DP5HUk\" class=\"yotu-video\" data-videoid=\"JpXk8DP5HUk\" data-title=\"Biotecnolog\u00eda - Bryan Lucero, ECI2015i\" title=\"Biotecnolog\u00eda - Bryan Lucero, ECI2015i\">\n\t\t\t\t\t<div class=\"yotu-video-thumb-wrp\">\n\t\t\t\t\t\t<div>\n\t\t\t\t\t\t\t\t\t\t\t\t\t\t<img class=\"yotu-video-thumb\" src=\"https:\/\/i.ytimg.com\/vi\/JpXk8DP5HUk\/sddefault.jpg\" alt=\"Biotecnolog\u00eda - Bryan Lucero, ECI2015i\">\t\n\t\t\t\t\t\t\t\t\t\t\t\t\t<\/div>\n\t\t\t\t\t<\/div>\n\t\t\t\t\t\t\t\t\t\t\t<h3 class=\"yotu-video-title\">Biotecnolog\u00eda - Bryan Lucero, ECI2015i<\/h3>\n\t\t\t\t\t\t\t\t\t\t\t\t\t\t\t\t\t\t\t\t\t<div class=\"yotu-video-description\"><\/div>\n\t\t\t\t\t\t\t\t\t<\/a>\n\t\t\t\t\t\t\t<\/li>\n\t\t\t\t\n\t\t\t\t\t\t<li class=\"\">\n\t\t\t\t\t\t\t\t<a href=\"#cA1bctUU6nw\" class=\"yotu-video\" data-videoid=\"cA1bctUU6nw\" data-title=\"Saludo del Decano Dr. Freddy Mej\u00eda a Yessenia Santa Cruz. Comparte Ciencias UNT\" title=\"Saludo del Decano Dr. Freddy Mej\u00eda a Yessenia Santa Cruz. Comparte Ciencias UNT\">\n\t\t\t\t\t<div class=\"yotu-video-thumb-wrp\">\n\t\t\t\t\t\t<div>\n\t\t\t\t\t\t\t\t\t\t\t\t\t\t<img class=\"yotu-video-thumb\" src=\"https:\/\/i.ytimg.com\/vi\/cA1bctUU6nw\/sddefault.jpg\" alt=\"Saludo del Decano Dr. Freddy Mej\u00eda a Yessenia Santa Cruz. Comparte Ciencias UNT\">\t\n\t\t\t\t\t\t\t\t\t\t\t\t\t<\/div>\n\t\t\t\t\t<\/div>\n\t\t\t\t\t\t\t\t\t\t\t<h3 class=\"yotu-video-title\">Saludo del Decano Dr. Freddy Mej\u00eda a Yessenia Santa Cruz. Comparte Ciencias UNT<\/h3>\n\t\t\t\t\t\t\t\t\t\t\t\t\t\t\t\t\t\t\t\t\t<div class=\"yotu-video-description\"><\/div>\n\t\t\t\t\t\t\t\t\t<\/a>\n\t\t\t\t\t\t\t<\/li>\n\t\t\t\t\n\t\t\t\t\t\t<li class=\"\">\n\t\t\t\t\t\t\t\t<a href=\"#fVumK2YQF3k\" class=\"yotu-video\" data-videoid=\"fVumK2YQF3k\" data-title=\"Fete de la Sience 2016 -FST Nancy Supraconductivite\" title=\"Fete de la Sience 2016 -FST Nancy Supraconductivite\">\n\t\t\t\t\t<div class=\"yotu-video-thumb-wrp\">\n\t\t\t\t\t\t<div>\n\t\t\t\t\t\t\t\t\t\t\t\t\t\t<img class=\"yotu-video-thumb\" src=\"https:\/\/i.ytimg.com\/vi\/fVumK2YQF3k\/sddefault.jpg\" alt=\"Fete de la Sience 2016 -FST Nancy Supraconductivite\">\t\n\t\t\t\t\t\t\t\t\t\t\t\t\t<\/div>\n\t\t\t\t\t<\/div>\n\t\t\t\t\t\t\t\t\t\t\t<h3 class=\"yotu-video-title\">Fete de la Sience 2016 -FST Nancy Supraconductivite<\/h3>\n\t\t\t\t\t\t\t\t\t\t\t\t\t\t\t\t\t\t\t\t\t<div class=\"yotu-video-description\"><\/div>\n\t\t\t\t\t\t\t\t\t<\/a>\n\t\t\t\t\t\t\t<\/li>\n\t\t\t\t\n\t\t\t\t\t\t<li class=\"\">\n\t\t\t\t\t\t\t\t<a href=\"#GVRUwx7KRiw\" class=\"yotu-video\" data-videoid=\"GVRUwx7KRiw\" data-title=\"INTRODUCCION A LA TECNICA DE IMAGENES FOTO-ACUSTICAS\" title=\"INTRODUCCION A LA TECNICA DE IMAGENES FOTO-ACUSTICAS\">\n\t\t\t\t\t<div class=\"yotu-video-thumb-wrp\">\n\t\t\t\t\t\t<div>\n\t\t\t\t\t\t\t\t\t\t\t\t\t\t<img class=\"yotu-video-thumb\" src=\"https:\/\/i.ytimg.com\/vi\/GVRUwx7KRiw\/sddefault.jpg\" alt=\"INTRODUCCION A LA TECNICA DE IMAGENES FOTO-ACUSTICAS\">\t\n\t\t\t\t\t\t\t\t\t\t\t\t\t<\/div>\n\t\t\t\t\t<\/div>\n\t\t\t\t\t\t\t\t\t\t\t<h3 class=\"yotu-video-title\">INTRODUCCION A LA TECNICA DE IMAGENES FOTO-ACUSTICAS<\/h3>\n\t\t\t\t\t\t\t\t\t\t\t\t\t\t\t\t\t\t\t\t\t<div class=\"yotu-video-description\"><\/div>\n\t\t\t\t\t\t\t\t\t<\/a>\n\t\t\t\t\t\t\t<\/li>\n\t\t\t\t\n\t\t\t\t\t\t<li class=\"\">\n\t\t\t\t\t\t\t\t<a href=\"#XagGr3fSyeQ\" class=\"yotu-video\" data-videoid=\"XagGr3fSyeQ\" data-title=\"Comparte Ciencias: T\u00f3picos de F\u00edsica y Nanotecnolog\u00eda\" title=\"Comparte Ciencias: T\u00f3picos de F\u00edsica y Nanotecnolog\u00eda\">\n\t\t\t\t\t<div class=\"yotu-video-thumb-wrp\">\n\t\t\t\t\t\t<div>\n\t\t\t\t\t\t\t\t\t\t\t\t\t\t<img class=\"yotu-video-thumb\" src=\"https:\/\/i.ytimg.com\/vi\/XagGr3fSyeQ\/sddefault.jpg\" alt=\"Comparte Ciencias: T\u00f3picos de F\u00edsica y Nanotecnolog\u00eda\">\t\n\t\t\t\t\t\t\t\t\t\t\t\t\t<\/div>\n\t\t\t\t\t<\/div>\n\t\t\t\t\t\t\t\t\t\t\t<h3 class=\"yotu-video-title\">Comparte Ciencias: T\u00f3picos de F\u00edsica y Nanotecnolog\u00eda<\/h3>\n\t\t\t\t\t\t\t\t\t\t\t\t\t\t\t\t\t\t\t\t\t<div class=\"yotu-video-description\"><\/div>\n\t\t\t\t\t\t\t\t\t<\/a>\n\t\t\t\t\t\t\t<\/li>\n\t\t\t\t\n\t\t\t\t\t\t<li class=\"\">\n\t\t\t\t\t\t\t\t<a href=\"#dpe3MWEkrU8\" class=\"yotu-video\" data-videoid=\"dpe3MWEkrU8\" data-title=\"Epigen\u00e9tica en enfermedades pulmonares - Celia Espinoza\" title=\"Epigen\u00e9tica en enfermedades pulmonares - Celia Espinoza\">\n\t\t\t\t\t<div class=\"yotu-video-thumb-wrp\">\n\t\t\t\t\t\t<div>\n\t\t\t\t\t\t\t\t\t\t\t\t\t\t<img class=\"yotu-video-thumb\" src=\"https:\/\/i.ytimg.com\/vi\/dpe3MWEkrU8\/sddefault.jpg\" alt=\"Epigen\u00e9tica en enfermedades pulmonares - Celia Espinoza\">\t\n\t\t\t\t\t\t\t\t\t\t\t\t\t<\/div>\n\t\t\t\t\t<\/div>\n\t\t\t\t\t\t\t\t\t\t\t<h3 class=\"yotu-video-title\">Epigen\u00e9tica en enfermedades pulmonares - Celia Espinoza<\/h3>\n\t\t\t\t\t\t\t\t\t\t\t\t\t\t\t\t\t\t\t\t\t<div class=\"yotu-video-description\"><\/div>\n\t\t\t\t\t\t\t\t\t<\/a>\n\t\t\t\t\t\t\t<\/li>\n\t\t\t\t\n\t\t\t\t\t\t<li class=\"\">\n\t\t\t\t\t\t\t\t<a href=\"#DCfKmcZwITU\" class=\"yotu-video\" data-videoid=\"DCfKmcZwITU\" data-title=\"Bases neuronales de la conducta sexual en la mosca de la fruta - Diego Pacheco\" title=\"Bases neuronales de la conducta sexual en la mosca de la fruta - Diego Pacheco\">\n\t\t\t\t\t<div class=\"yotu-video-thumb-wrp\">\n\t\t\t\t\t\t<div>\n\t\t\t\t\t\t\t\t\t\t\t\t\t\t<img class=\"yotu-video-thumb\" src=\"https:\/\/i.ytimg.com\/vi\/DCfKmcZwITU\/sddefault.jpg\" alt=\"Bases neuronales de la conducta sexual en la mosca de la fruta - Diego Pacheco\">\t\n\t\t\t\t\t\t\t\t\t\t\t\t\t<\/div>\n\t\t\t\t\t<\/div>\n\t\t\t\t\t\t\t\t\t\t\t<h3 class=\"yotu-video-title\">Bases neuronales de la conducta sexual en la mosca de la fruta - Diego Pacheco<\/h3>\n\t\t\t\t\t\t\t\t\t\t\t\t\t\t\t\t\t\t\t\t\t<div class=\"yotu-video-description\"><\/div>\n\t\t\t\t\t\t\t\t\t<\/a>\n\t\t\t\t\t\t\t<\/li>\n\t\t\t\t\n\t\t\t\t\t\t<li class=\"\">\n\t\t\t\t\t\t\t\t<a href=\"#HwwlOt_DCT4\" class=\"yotu-video\" data-videoid=\"HwwlOt_DCT4\" data-title=\"Modulaci\u00f3n de la respiraci\u00f3n en ratones neonatos - Fatima Salda\u00f1a Morales\" title=\"Modulaci\u00f3n de la respiraci\u00f3n en ratones neonatos - Fatima Salda\u00f1a Morales\">\n\t\t\t\t\t<div class=\"yotu-video-thumb-wrp\">\n\t\t\t\t\t\t<div>\n\t\t\t\t\t\t\t\t\t\t\t\t\t\t<img class=\"yotu-video-thumb\" src=\"https:\/\/i.ytimg.com\/vi\/HwwlOt_DCT4\/sddefault.jpg\" alt=\"Modulaci\u00f3n de la respiraci\u00f3n en ratones neonatos - Fatima Salda\u00f1a Morales\">\t\n\t\t\t\t\t\t\t\t\t\t\t\t\t<\/div>\n\t\t\t\t\t<\/div>\n\t\t\t\t\t\t\t\t\t\t\t<h3 class=\"yotu-video-title\">Modulaci\u00f3n de la respiraci\u00f3n en ratones neonatos - Fatima Salda\u00f1a Morales<\/h3>\n\t\t\t\t\t\t\t\t\t\t\t\t\t\t\t\t\t\t\t\t\t<div class=\"yotu-video-description\"><\/div>\n\t\t\t\t\t\t\t\t\t<\/a>\n\t\t\t\t\t\t\t<\/li>\n\t\t\t\t\n\t\t\t\t\t\t<li class=\"\">\n\t\t\t\t\t\t\t\t<a href=\"#NVsQ8kIq4fA\" class=\"yotu-video\" data-videoid=\"NVsQ8kIq4fA\" data-title=\"\u00bfTienen las c\u00e9lulas germinales m\u00e1s funciones que s\u00f3lo transmitir la informaci\u00f3n gen\u00e9tica?\" title=\"\u00bfTienen las c\u00e9lulas germinales m\u00e1s funciones que s\u00f3lo transmitir la informaci\u00f3n gen\u00e9tica?\">\n\t\t\t\t\t<div class=\"yotu-video-thumb-wrp\">\n\t\t\t\t\t\t<div>\n\t\t\t\t\t\t\t\t\t\t\t\t\t\t<img class=\"yotu-video-thumb\" src=\"https:\/\/i.ytimg.com\/vi\/NVsQ8kIq4fA\/sddefault.jpg\" alt=\"\u00bfTienen las c\u00e9lulas germinales m\u00e1s funciones que s\u00f3lo transmitir la informaci\u00f3n gen\u00e9tica?\">\t\n\t\t\t\t\t\t\t\t\t\t\t\t\t<\/div>\n\t\t\t\t\t<\/div>\n\t\t\t\t\t\t\t\t\t\t\t<h3 class=\"yotu-video-title\">\u00bfTienen las c\u00e9lulas germinales m\u00e1s funciones que s\u00f3lo transmitir la informaci\u00f3n gen\u00e9tica?<\/h3>\n\t\t\t\t\t\t\t\t\t\t\t\t\t\t\t\t\t\t\t\t\t<div class=\"yotu-video-description\"><\/div>\n\t\t\t\t\t\t\t\t\t<\/a>\n\t\t\t\t\t\t\t<\/li>\n\t\t\t\t\n\t\t\t\t\t\t<li class=\"\">\n\t\t\t\t\t\t\t\t<a href=\"#qWcBiJ-qswA\" class=\"yotu-video\" data-videoid=\"qWcBiJ-qswA\" data-title=\"Apoptosis y c\u00e1ncer - Melanie Gonzales Carazas\" title=\"Apoptosis y c\u00e1ncer - Melanie Gonzales Carazas\">\n\t\t\t\t\t<div class=\"yotu-video-thumb-wrp\">\n\t\t\t\t\t\t<div>\n\t\t\t\t\t\t\t\t\t\t\t\t\t\t<img class=\"yotu-video-thumb\" src=\"https:\/\/i.ytimg.com\/vi\/qWcBiJ-qswA\/sddefault.jpg\" alt=\"Apoptosis y c\u00e1ncer - Melanie Gonzales Carazas\">\t\n\t\t\t\t\t\t\t\t\t\t\t\t\t<\/div>\n\t\t\t\t\t<\/div>\n\t\t\t\t\t\t\t\t\t\t\t<h3 class=\"yotu-video-title\">Apoptosis y c\u00e1ncer - Melanie Gonzales Carazas<\/h3>\n\t\t\t\t\t\t\t\t\t\t\t\t\t\t\t\t\t\t\t\t\t<div class=\"yotu-video-description\"><\/div>\n\t\t\t\t\t\t\t\t\t<\/a>\n\t\t\t\t\t\t\t<\/li>\n\t\t\t\t\n\t\t\t\t\t\t<li class=\"\">\n\t\t\t\t\t\t\t\t<a href=\"#UglPvStDDC0\" class=\"yotu-video\" data-videoid=\"UglPvStDDC0\" data-title=\"Imagenolog\u00eda molecular del cerebro - Karlo Lizarraga\" title=\"Imagenolog\u00eda molecular del cerebro - Karlo Lizarraga\">\n\t\t\t\t\t<div class=\"yotu-video-thumb-wrp\">\n\t\t\t\t\t\t<div>\n\t\t\t\t\t\t\t\t\t\t\t\t\t\t<img class=\"yotu-video-thumb\" src=\"https:\/\/i.ytimg.com\/vi\/UglPvStDDC0\/sddefault.jpg\" alt=\"Imagenolog\u00eda molecular del cerebro - Karlo Lizarraga\">\t\n\t\t\t\t\t\t\t\t\t\t\t\t\t<\/div>\n\t\t\t\t\t<\/div>\n\t\t\t\t\t\t\t\t\t\t\t<h3 class=\"yotu-video-title\">Imagenolog\u00eda molecular del cerebro - Karlo Lizarraga<\/h3>\n\t\t\t\t\t\t\t\t\t\t\t\t\t\t\t\t\t\t\t\t\t<div class=\"yotu-video-description\"><\/div>\n\t\t\t\t\t\t\t\t\t<\/a>\n\t\t\t\t\t\t\t<\/li>\n\t\t\t\t\n\t\t\t\t\t\t<li class=\"\">\n\t\t\t\t\t\t\t\t<a href=\"#mBbW2CI_nJ4\" class=\"yotu-video\" data-videoid=\"mBbW2CI_nJ4\" data-title=\"Uso de hipotermia para tratar el da\u00f1o comportamental de ratas sometidas a anoxia neonatal - Victo...\" title=\"Uso de hipotermia para tratar el da\u00f1o comportamental de ratas sometidas a anoxia neonatal - Victo...\">\n\t\t\t\t\t<div class=\"yotu-video-thumb-wrp\">\n\t\t\t\t\t\t<div>\n\t\t\t\t\t\t\t\t\t\t\t\t\t\t<img class=\"yotu-video-thumb\" src=\"https:\/\/i.ytimg.com\/vi\/mBbW2CI_nJ4\/sddefault.jpg\" alt=\"Uso de hipotermia para tratar el da\u00f1o comportamental de ratas sometidas a anoxia neonatal - Victo...\">\t\n\t\t\t\t\t\t\t\t\t\t\t\t\t<\/div>\n\t\t\t\t\t<\/div>\n\t\t\t\t\t\t\t\t\t\t\t<h3 class=\"yotu-video-title\">Uso de hipotermia para tratar el da\u00f1o comportamental de ratas sometidas a anoxia neonatal - Victo...<\/h3>\n\t\t\t\t\t\t\t\t\t\t\t\t\t\t\t\t\t\t\t\t\t<div class=\"yotu-video-description\"><\/div>\n\t\t\t\t\t\t\t\t\t<\/a>\n\t\t\t\t\t\t\t<\/li>\n\t\t\t\t\n\t\t\t\t\t\t<li class=\"\">\n\t\t\t\t\t\t\t\t<a href=\"#DiuGSaIFDyw\" class=\"yotu-video\" data-videoid=\"DiuGSaIFDyw\" data-title=\"Avances en la cura funcional del VIH - Humberto Erick De La Torre Tarazona\" title=\"Avances en la cura funcional del VIH - Humberto Erick De La Torre Tarazona\">\n\t\t\t\t\t<div class=\"yotu-video-thumb-wrp\">\n\t\t\t\t\t\t<div>\n\t\t\t\t\t\t\t\t\t\t\t\t\t\t<img class=\"yotu-video-thumb\" src=\"https:\/\/i.ytimg.com\/vi\/DiuGSaIFDyw\/sddefault.jpg\" alt=\"Avances en la cura funcional del VIH - Humberto Erick De La Torre Tarazona\">\t\n\t\t\t\t\t\t\t\t\t\t\t\t\t<\/div>\n\t\t\t\t\t<\/div>\n\t\t\t\t\t\t\t\t\t\t\t<h3 class=\"yotu-video-title\">Avances en la cura funcional del VIH - Humberto Erick De La Torre Tarazona<\/h3>\n\t\t\t\t\t\t\t\t\t\t\t\t\t\t\t\t\t\t\t\t\t<div class=\"yotu-video-description\"><\/div>\n\t\t\t\t\t\t\t\t\t<\/a>\n\t\t\t\t\t\t\t<\/li>\n\t\t\t\t\n\t\t\t\t\t\t<li class=\" yotu-last\">\n\t\t\t\t\t\t\t\t<a href=\"#2BNFYEjodjg\" class=\"yotu-video\" data-videoid=\"2BNFYEjodjg\" data-title=\"Diversidad de especies en el g\u00e9nero Daucus - Carlos Arbizu Berrocal\" title=\"Diversidad de especies en el g\u00e9nero Daucus - Carlos Arbizu Berrocal\">\n\t\t\t\t\t<div class=\"yotu-video-thumb-wrp\">\n\t\t\t\t\t\t<div>\n\t\t\t\t\t\t\t\t\t\t\t\t\t\t<img class=\"yotu-video-thumb\" src=\"https:\/\/i.ytimg.com\/vi\/2BNFYEjodjg\/sddefault.jpg\" alt=\"Diversidad de especies en el g\u00e9nero Daucus - Carlos Arbizu Berrocal\">\t\n\t\t\t\t\t\t\t\t\t\t\t\t\t<\/div>\n\t\t\t\t\t<\/div>\n\t\t\t\t\t\t\t\t\t\t\t<h3 class=\"yotu-video-title\">Diversidad de especies en el g\u00e9nero Daucus - Carlos Arbizu Berrocal<\/h3>\n\t\t\t\t\t\t\t\t\t\t\t\t\t\t\t\t\t\t\t\t\t<div class=\"yotu-video-description\"><\/div>\n\t\t\t\t\t\t\t\t\t<\/a>\n\t\t\t\t\t\t\t<\/li>\n\t\t\t\t\n\t\t\t\t<\/ul>\n<\/div><div class=\"yotu-pagination yotu-pager_layout-default yotu-pagination-bottom\">\n<a href=\"#\" class=\"yotu-pagination-prev yotu-button-prs yotu-button-prs-1\" data-page=\"prev\">Prev<\/a>\n<span class=\"yotu-pagination-current\">1<\/span> <span>of<\/span> <span class=\"yotu-pagination-total\">2<\/span>\n<a href=\"#\" class=\"yotu-pagination-next yotu-button-prs yotu-button-prs-1\" data-page=\"next\">Next<\/a>\n<\/div>\n\t\t\t\t<\/div>\n\t\t\t<\/div>\n\t\t\t\n","protected":false},"excerpt":{"rendered":"Desarrollo de sensores electroqu\u00ecmicos y \u00f3pticos para control ambiental by Ph.D Pilar Taboada Prev 1 of 2 Next Desarrollo de sensores electroqu\u00ecmicos y \u00f3pticos para control ambiental by Ph.D Pilar Taboada \"Identificaci\u00f3n y caracterizaci\u00f3n\u00a0de\u00a0genes\u00a0regulados por fitohormonas\" By Milagros Bracamonte. Chile \"Evoluci\u00f3n molecular en caracoles: Adaptaciones del mar a la tierra. By Pedro Romero \"Cultivo de [...]","protected":false},"author":2,"featured_media":0,"parent":0,"menu_order":0,"comment_status":"closed","ping_status":"closed","template":"","meta":[],"_links":{"self":[{"href":"https:\/\/www.cientificos.pe\/index.php?rest_route=\/wp\/v2\/pages\/7998"}],"collection":[{"href":"https:\/\/www.cientificos.pe\/index.php?rest_route=\/wp\/v2\/pages"}],"about":[{"href":"https:\/\/www.cientificos.pe\/index.php?rest_route=\/wp\/v2\/types\/page"}],"author":[{"embeddable":true,"href":"https:\/\/www.cientificos.pe\/index.php?rest_route=\/wp\/v2\/users\/2"}],"replies":[{"embeddable":true,"href":"https:\/\/www.cientificos.pe\/index.php?rest_route=%2Fwp%2Fv2%2Fcomments&post=7998"}],"version-history":[{"count":2,"href":"https:\/\/www.cientificos.pe\/index.php?rest_route=\/wp\/v2\/pages\/7998\/revisions"}],"predecessor-version":[{"id":8012,"href":"https:\/\/www.cientificos.pe\/index.php?rest_route=\/wp\/v2\/pages\/7998\/revisions\/8012"}],"wp:attachment":[{"href":"https:\/\/www.cientificos.pe\/index.php?rest_route=%2Fwp%2Fv2%2Fmedia&parent=7998"}],"curies":[{"name":"wp","href":"https:\/\/api.w.org\/{rel}","templated":true}]}}